 -k**3 + 8*k**2 - 6*k - 14. Give f(6).
22
Let s(i) = i**3 + 6*i**2 + 12*i + 28. Give s(-5).
-7
Let q(y) = -y**2 + 16*y + 6. Determine q(16).
6
Let v(y) = 18*y. Calculate v(-3).
-54
Let z(j) = 3*j**2 - j + 6. Give z(-5).
86
Let q(r) = -r**2 + 10*r + 26. What is q(6)?
50
Let l(f) = 633*f - 1901. Calculate l(3).
-2
Let d(y) = y**3 - 13*y**2 + 42*y - 55. Determine d(9).
-1
Let v(z) = z**2 - 2*z + 157. Give v(0).
157
Let i(t) = -t**2 + 11*t + 522. Determine i(-18).
0
Let i(r) = -13*r - 2. Determine i(-3).
37
Let n(t) = t**3 + t**2 - 5*t + 14. Give n(4).
74
Let l(f) = f**2 - 19*f + 22. Determine l(18).
4
Let o(v) = -v**3 - 5*v**2 + 5*v - 7. What is o(-5)?
-32
Let s(w) = -17*w**3 - w**2 + w. What is s(1)?
-17
Let y(r) = -3*r + 24. Determine y(16).
-24
Let a(d) = -d**3 - 10*d**2 + 10*d - 15. Give a(-11).
-4
Let d(h) = 2*h**2 - 5*h + 3. Calculate d(5).
28
Let z(v) = -v**2 + 3*v + 15. What is z(5)?
5
Let z(n) = 2*n + 2. Calculate z(1).
4
Let l(a) = -a**2 - 8*a - 8. Calculate l(-7).
-1
Let f(q) = q**3 - 3*q**2 - 3*q + 4. Give f(3).
-5
Let p(v) = v**3 + 2*v**2 - 5. Give p(-2).
-5
Let c(b) = -b**3 - 13*b**2 - 12*b + 10. Calculate c(-12).
10
Let d(z) = 2*z**3 + 28*z**2 - z - 16. Calculate d(-14).
-2
Let t(j) = -j**2 + 2*j + 2. Determine t(2).
2
Let i(m) = m**2 + 8*m - 31. Calculate i(3).
2
Let g(n) = -n**3 - 12*n**2 - 18*n - 82. Determine g(-11).
-5
Let n(v) = -3*v + 8. Give n(10).
-22
Let d(z) = 35*z - 658. Determine d(19).
7
Let h(k) = 13*k - 457. Calculate h(36).
11
Let g(a) = 4*a**2 - 12*a - 7. What is g(4)?
9
Let s(o) = -2*o**2 + 11*o - 38. Determine s(3).
-23
Let k(o) = -o**3 - 15*o**2 - 10*o - 18. Determine k(-14).
-74
Let l(h) = -2*h**2 - h - 2. Calculate l(3).
-23
Let h(o) = -7*o + 3. Give h(0).
3
Let f(k) = -8*k + 42. Determine f(5).
2
Let p(a) = -4*a**2 - 27*a + 57. Calculate p(2).
-13
Let s(j) = j**2 + 5*j - 86. Calculate s(7).
-2
Let t(y) = y**2 + 2*y - 14. What is t(0)?
-14
Let a(q) = q**2 - 9*q + 11. Give a(3).
-7
Let u(c) = -c**3 + 11*c**2 + 4*c - 14. Determine u(11).
30
Let a(r) = r**3 + 2*r**2 - 4*r + 9. Calculate a(-5).
-46
Let b(k) = 5*k + 32. Give b(-3).
17
Let a(s) = 20*s - 336. Give a(17).
4
Let k(d) = -2*d**2 - 32*d + 33. What is k(-18)?
-39
Let y(i) = -i**2 + 9*i - 19. Determine y(4).
1
Let x(b) = -b**3 + b**2 + 6*b - 4. Determine x(2).
4
Let l(k) = -12*k - 1. What is l(1)?
-13
Let i(a) = -a**2 + 9*a + 9. What is i(9)?
9
Let k(q) = -q**3 + 7*q**2 + 9*q + 9. Determine k(8).
17
Let t(m) = -m**3 - 13*m**2 - 5*m + 13. Give t(-13).
78
Let i(h) = 2*h - 27. Give i(11).
-5
Let x(a) = -3*a + 18. Calculate x(4).
6
Let l(v) = 42*v + 454. What is l(-11)?
-8
Let y(n) = 3*n - 6. What is y(2)?
0
Let l(k) = 3*k**2 - 5*k + 2. Calculate l(3).
14
Let z(i) = i**2 + 13*i + 16. Determine z(-11).
-6
Let a(i) = -i**3 + i**2 + 7*i + 2. Calculate a(-2).
0
Let r(s) = -2*s + 15. Give r(9).
-3
Let a(x) = 20*x + 47. Calculate a(-2).
7
Let l(y) = -4*y**2 - y + 1. Calculate l(1).
-4
Let w(s) = -3*s**3 - 4. Determine w(-2).
20
Let k(r) = r**2 - 6*r + 16. What is k(5)?
11
Let i(l) = -6*l + 1. Calculate i(1).
-5
Let a(w) = 10*w - 17. Determine a(5).
33
Let n(k) = k**3 - 13*k**2 + 28. Calculate n(13).
28
Let q(k) = 2*k**2 - 8*k - 23. Give q(6).
1
Let w(b) = -b**3 - 6*b**2 + 6*b + 4. Determine w(-5).
-51
Let t(g) = -3*g**2 + 2*g - 5. Give t(4).
-45
Let k(p) = p**2 + 33*p + 126. Give k(-28).
-14
Let i(l) = l**3 + 8*l**2 - 7*l + 24. Determine i(-9).
6
Let b(l) = -l**3 - 2*l + 17. What is b(0)?
17
Let k(p) = 3*p**2 + 122*p + 95. Give k(-40).
15
Let v(c) = -c**3 - 14*c**2 - 2*c - 34. Calculate v(-14).
-6
Let s(g) = -4*g + 10. What is s(6)?
-14
Let f(k) = 18*k + 931. Determine f(-52).
-5
Let a(g) = -2*g**2 - 10*g - 6. Give a(-7).
-34
Let p(h) = -16*h + 42. What is p(9)?
-102
Let c(d) = -d**2 + 3*d - 13. Determine c(0).
-13
Let z(o) = o**3 + 8*o**2 + 9*o + 4. Determine z(-6).
22
Let g(x) = 4*x**2 - 49*x + 56. Calculate g(11).
1
Let w(g) = 2*g**2 + 42*g - 2. Give w(-21).
-2
Let c(f) = 23*f - 284. What is c(12)?
-8
Let m(g) = g**2 + 4*g - 13. Calculate m(-4).
-13
Let w(u) = 46*u + 2. Calculate w(1).
48
Let f(z) = 2*z - 2. Determine f(1).
0
Let j(y) = -y**2 - 22*y - 28. What is j(-20)?
12
Let s(g) = -g**2 + 11*g - 16. Give s(10).
-6
Let x(h) = h + 117. Determine x(0).
117
Let x(b) = b**2 + 4*b - 57. What is x(6)?
3
Let w(b) = -28*b - 15. Determine w(-2).
41
Let r(k) = -6*k - 68. What is r(-14)?
16
Let b(s) = -s**3 + 8*s**2 + 16*s - 149. Give b(5).
6
Let j(l) = -5*l + 276. Give j(50).
26
Let y(n) = 6*n + 24. Determine y(-4).
0
Let p(l) = l**2 - 29*l. Determine p(0).
0
Let l(f) = 125*f - 370. What is l(3)?
5
Let v(x) = -12*x + 80. Determine v(6).
8
Let w(y) = -y**3 + 9*y**2 - 10*y - 6. Calculate w(5).
44
Let i(t) = 29*t - 31. Calculate i(2).
27
Let m(c) = 3*c**2 + 2*c - 3. Calculate m(-4).
37
Let l(i) = -i**2 + 2*i + 18. Determine l(-6).
-30
Let v(s) = 11*s + 8. Determine v(4).
52
Let h(g) = g**2 + 3*g - 10. Determine h(-6).
8
Let g(c) = c**3 - 6*c**2 - 5*c - 25. Give g(7).
-11
Let o(a) = -a**3 - 6*a**2 - 4*a - 4. Determine o(-4).
-20
Let o(l) = -l**3 + 18*l**2 + 22*l - 8. Give o(19).
49
Let i(z) = -z**2 + 10*z + 13. Calculate i(10).
13
Let h(q) = -8*q + 394. Determine h(50).
-6
Let y(o) = 16*o + 108. Determine y(-7).
-4
Let h(c) = -6*c - 2. Determine h(-7).
40
Let h(c) = -c**2 + 24*c - 61. What is h(3)?
2
Let x(s) = s**2 + 7*s + 7. What is x(-8)?
15
Let h(r) = -r**3 - 7*r**2 - 8*r + 1. Determine h(-6).
13
Let h(m) = -m**2 - 13*m - 12. Give h(-11).
10
Let l(d) = d**2 - 8*d - 3. Give l(7).
-10
Let y(h) = h**3 - 8*h**2 + 10*h + 15. Calculate y(6).
3
Let c(x) = 2*x**3 - 65*x**2 - 31*x - 79. Give c(33).
-13
Let u(b) = b**2 + 17*b + 21. What is u(-19)?
59
Let w(h) = -7*h + 103. Calculate w(13).
12
Let l(y) = -4*y + 1. Give l(1).
-3
Let z(s) = s**3 - 12*s**2 + 13*s - 13. What is z(11)?
9
Let k(h) = h**2 + 6*h + 3. Give k(-7).
10
Let p(o) = 5*o - 22. Give p(5).
3
Let i(w) = -w**2 + 2*w + 55. What is i(0)?
55
Let p(g) = -g**3 + 15*g**2 + g - 34. What is p(15)?
-19
Let a(p) = p**3 + 10*p**2 + 2*p + 5. What is a(-10)?
-15
Let i(v) = -2*v**2 + 12*v - 9. Determine i(8).
-41
Let b(a) = -4*a - 30. Determine b(-9).
6
Let w(d) = d**2 - 6. Determine w(-5).
19
Let w(m) = -m**3 + 3*m**2 + 11*m - 9. Calculate w(5).
-4
Let q(z) = z + 13. What is q(-10)?
3
Let a(l) = -l**3 - 4*l**2 + 6*l - 1. What is a(-5)?
-6
Let w(a) = 55*a**2 - 2*a + 1. Determine w(1).
54
Let s(b) = -b**3 - 4*b**2 + 5*b - 9. What is s(-6)?
33
Let y(a) = -a**3 - 36*a**2 + 253*a + 39. Give y(-42).
-3
Let g(b) = -b**2 - b + 17. What is g(6)?
-25
Let t(n) = -3*n + 3. What is t(-3)?
12
Let w(j) = 21*j**2 + j. Determine w(-1).
20
Let k(f) = f**3 + 2*f**2 + 2*f. Determine k(-1).
-1
Let q(u) = -17*u - 331. Calculate q(-20).
9
Let o(h) = h**3 + 17*h**2 - 18*h + 44. Determine o(-18).
44
Let n(m) = 2*m + 3. Give n(-5).
-7
Let s(u) = u**2 + 25*u - 29. Give s(-23).
-75
Let p(y) = -y**3 - 4*y**2 + 12*y - 4. What is p(-6)?
-4
Let a(b) = -27*b - 80. Give a(-3).
1
Let x(q) = -q**2 - 13*q + 14. Determine x(-14).
0
Let i(w) = -w**3 - 10*w**2 - 16*w - 5. Calculate i(-8).
-5
Let k(m) = 17*m**2 - 7*m + 6. What is k(1)?
16
Let v(t) = t**3 - 8*t**2 + 6*t - 24. Determine v(8).
24
Let q(m) = -m**3 - 7*m**2 + 2*m. What is q(-7)?
-14
Let p(s) = -s**3 + 3*s**2 + 8*s - 7. What is p(5)?
-17
Let r(q) = q**3 + 3*q**2 + 2*q. What is r(-2)?
0
Let j(p) = -5*p**3 + 23*p**2 - 15*p - 8. Calculate j(4).
-20
Let o(y) = -y**2 + 12*y - 12. What is o(10)?
8
Let o(c) = -c**3 + 4*c**2 + 15*c + 7. Calculate o(6).
25
Let x(n) = n**3 - 3*n - 1. What is x(-2)?
-3
Let q(d) = d**2 - 3*d + 22. Give q(11).
110
Let q(f) = f**2 + 6*f + 10. Calculate q(-5).
5
Let c(s) = 48*s + 1. Calculate c(1).
49
Let h(t) = -t**2 - 15*t + 13. Determine h(-12).
49
Let s(c) = c**2 - 8*c - 6. What is s(8)?
-6
Let s(t) = -t**2 + 14*t - 9. Determine s(13).
4
Let l(z) = -4*z**2 + 56*z - 29. Calculate l(13).
23
Let q(l) = l - 11. Calculate q(3).
-8
Let v(r) = -r**2 - 18*r - 33. What is v(-2)?
-1
Let t(m) = -m**2 + 2*m - 11. Calculate t(0).
-11
Let l(n) = -24*n + 47. Determine l(8).
-145
Let m(i) = -4*i + 15. What is m(4)?
-1
Let i(a) = 9*a**2 - 8*a - 14. Determine i(-2).
38
Let l(d) = d**2 - 6*d - 5. Calculate l(4).
-13
Let o(r) = -12*r**3 + 2*r**2 - r. Determine o(1).
-11
Let n(i) = i**3 + 35*i**2 - 41*